e
Let y be (-3)/(9/(-14))*(65 - 68). Let k(v) = -11*v + 3. Is k(y) composite?
False
Suppose 3*g - 3 + 45 = 0. Let f = 18 + g. Suppose 3*i + 2*a = 5*a + 672, -5*a - 901 = -f*i. Is i prime?
False
Is 344/120 - 3 - 295594/(-30) a prime number?
False
Is (-3 - 6873/6)/(6/(-60)) a prime number?
False
Let p be (-2)/12 + 11919/18. Suppose -97 = -5*w - p. Let u = w - -254. Is u prime?
False
Let l be (6/4)/(((-6)/1)/(-72)). Is -1 - -162 - 0*6/l prime?
False
Suppose -p + 76 = 3*v + p, 5*p + 5 = 0. Suppose -v*x = -22*x. Suppose -2*h + x*i - i + 2342 = 0, 0 = i. Is h composite?
False
Let k be (-2)/5*10/4*-3. Suppose 0 = -2*r - 2*o + 780, -4*r + k*o - o = -1578. Is r a prime number?
False
Suppose 0 = q + p - 0*p, 2*q + 5*p + 12 = 0. Suppose q*m = -3*i + i + 1042, -3*i - 3*m + 1548 = 0. Is i a composite number?
True
Suppose 8*k - 231065 = 50751. Is k a composite number?
False
Is 1 - 15/((-15)/2152) prime?
True
Suppose 2*y = a + 32696, 4*a = 5*y + 41694 - 123431. Is y composite?
False
Let g(j) = 11*j**2 - 4*j - 4. Is g(19) composite?
True
Let v(m) = 352*m + 143. Is v(12) composite?
True
Suppose f = 5*f - 40. Suppose 3*s = -g - 7, -g = 3*s + s + f. Suppose 0 = -g*o - 0*o + 318. Is o a composite number?
True
Let o = -2709 - -5960. Is o prime?
True
Let u be 4/10 - 41943/(-55). Suppose -3*j = -2668 + u. Is j a prime number?
False
Suppose 5*s - 5*n = 5770, 5*n - 1166 = -s - 0*s. Suppose 6*v = 2*v + s. Is 9 + v - (-2)/2 composite?
True
Let b(p) = 2*p**2 + p - 5. Let q be (5 - 3)/4*12. Let v be 8/(-3)*q/2. Is b(v) prime?
False
Let t = 40 - 35. Let f(p) = 4*p**3 - p**2 + 6*p. Let g(k) = 3*k**3 - 2*k**2 + 5*k - 1. Let q(u) = -2*f(u) + 3*g(u). Is q(t) a prime number?
True
Is 185929/136 - (-1)/(-8) composite?
False
Suppose -8*r + 3*r = 2*z - 5072, 0 = r + 4*z - 1000. Suppose 0*b + r = 4*b. Is b prime?
False
Let p(z) = -20*z**3 + 9*z**2 - 23*z - 95. Is p(-9) composite?
True
Is 33*(-98)/84*1446/(-21) composite?
True
Suppose -4*a + 0*a + 16 = 0. Suppose a*j + 444 = 2*j + 3*w, 0 = -3*j - 4*w - 666. Let v = 593 + j. Is v a composite number?
True
Suppose -5*t + 2*f = -68, 3*t + 0*t = 2*f + 44. Is ((-92)/t)/(1/(-87)) a prime number?
False
Let j(m) = -1899*m + 521. Is j(-18) prime?
True
Let y be 1918*(-4)/(-8) - 4. Let z = 1590 - y. Is z a composite number?
True
Let o = 1785 + -4135. Let h = o - -3528. Suppose h = 3*s - s. Is s a prime number?
False
Let o(d) = 2*d - 1. Suppose 0 = -4*y + 4*k + 20, -k + 4*k + 13 = 2*y. Let r be o(y). Suppose j = r*j - 10, -5*h + 2*j + 1315 = 0. Is h prime?
False
Let g = -3540 + 12985. Is g prime?
False
Let q(b) = b**2 - 24*b + 38. Let k be q(23). Is 6/k - (-886)/10 a composite number?
False
Let b(a) = 118*a**3 + 4*a**2 - 4*a - 7. Let h be b(3). Suppose f - 4*n - 552 = 493, 3*f = -5*n + h. Is f prime?
True
Let l(d) = d**3 - 9*d**2 + 7*d + 2. Let u be l(9). Is (-8)/52 + 129165/u a composite number?
False
Is 218750/45 - 17/153 composite?
False
Suppose 3*i - 873 = 195. Suppose -i - 180 = -c. Is -3*(c/(-6) + 3) prime?
False
Suppose 2*h + 22 = -u - 3*h, 0 = -5*u - 2*h - 41. Let b(r) = 8 + 0*r**2 - r**2 + 0*r + 1 + 3*r**2 - 2*r. Is b(u) a prime number?
False
Suppose 5*x - 11 = 19. Suppose s + b - 184 = 0, -x*b + 744 = 4*s - 4*b. Let d = s - -107. Is d composite?
True
Suppose -63 = 3*b + 48. Suppose -4*w = 4*z + 472, -2*w + 42 = -z + 281. Let c = b - w. Is c prime?
False
Suppose 0 = 3*u - 1 - 8. Suppose u*t = -2*t + 15. Suppose -2*j + 433 = 5*r, 2*r - t*j - 243 = -85. Is r a composite number?
True
Suppose 3*l = -5*f + 30985, f - 2*l = -7*l + 6197. Is f composite?
False
Is 48303 - 7 - 9/(-1) a composite number?
True
Suppose 4*n = 3*t - 1515, -4*t + 2511 = t - 2*n. Suppose 72 + t = 3*i. Is i a prime number?
True
Suppose 2892 = -6*r + 8334. Is r a composite number?
False
Let y be 2/13 - (-35878)/13. Suppose m = -3*m + y. Let s = m - 309. Is s composite?
True
Suppose -4*z = -v - 0*v - 48, 8 = -2*v. Let d(p) = -p**3 + 12*p**2 - p + 3. Let t be d(z). Suppose -2*y + t = 4*m - m, -5*m + 2*y = -199. Is m prime?
False
Let j = 3136 - -1647. Is j a prime number?
True
Let d(v) = v**2 + 17*v - 13. Let n be d(-18). Is n/(-10)*(1 - 1731) prime?
False
Let q = 56 + -50. Is q/(-12) + (-1665)/(-6) a prime number?
True
Let p = -422 - -767. Let v = p + -160. Is v a composite number?
True
Suppose 12 = 2*p - 32. Suppose 0*m - 2*u = 2*m - p, -4*u = -12. Is (-996)/m*(-1 - 1) a composite number?
True
Let v = -590 - -167. Let p be ((-423)/6)/((-2)/(-8)). Let t = p - v. Is t a composite number?
True
Let l(z) = 14*z**2 - 10*z - 9. Let n be (-1 + 4)/(2/(48/9)). Is l(n) composite?
True
Let t = 17 - 11. Suppose 816 = 10*s - t*s. Suppose -g + s = -5*r, 0*g = g + r - 174. Is g a composite number?
False
Suppose -5*h - 2 = -3*f, -f - 52 = -4*f - 5*h. Suppose -2*n + 6 = -2*q, -4*q + f = -q + 3*n. Suppose -x - x + 262 = q. Is x a composite number?
False
Let p(f) = 10118*f**2 - 10*f - 33. Is p(-2) a composite number?
False
Let a be 8/3 - (-4)/(-6). Is 4/(-5)*(-305)/a a prime number?
False
Let s(j) be the third derivative of 3*j**6/40 - j**5/60 - j**4/12 + 7*j**3/6 - 3*j**2. Is s(5) composite?
False
Suppose 9 = -w - 0*w. Let i be (6/w)/((-4)/(-6)). Is (9/(-36))/(i/524) a composite number?
False
Let k(m) = -3*m - 1. Let b be k(-2). Suppose 4*q - 6093 = -b*g, -4*q = g - 2*q - 1221. Suppose -g = -3*j + 121. Is j composite?
True
Suppose -3*d + 2*w - 17 = -3, -3*d = -3*w + 15. Is ((-2945)/10)/(d/8) prime?
False
Suppose -16*b + 20*b + 20 = 0, -5*f + 3*b = -8900. Is f a prime number?
True
Let o(s) be the first derivative of 2*s**2 - 3/2*s**4 + 3*s + 11 + s**3. Is o(-2) composite?
True
Let p = -65 + 86. Is (-11298)/(-4)*14/p a composite number?
True
Let q(t) = 48*t**2 - 14*t + 167. Is q(14) prime?
False
Let o = 2032 - -1627. Is o composite?
False
Let q = 20 - 11. Let m be (4 - 1) + -22 + q. Is m/(-8)*(117 - 1) prime?
False
Suppose -h + 4*h + i = -6822, 0 = -4*h - 5*i - 9107. Let g = h + 5092. Is g prime?
True
Let w(t) be the third derivative of 13*t**5/30 - t**4/6 - 17*t**3/6 + 11*t**2. Is w(5) prime?
True
Is -69*12/(-36)*(-1 + 4) a composite number?
True
Suppose -58*b + 61*b - 21 = 0. Let h = 0 + 0. Suppose h = b*j - 10*j + 309. Is j prime?
True
Suppose -3*o + 169 + 302 = 0. Is o composite?
False
Suppose 4*y = -14 + 110. Is ((630/y)/5)/((-3)/(-8)) a composite number?
True
Suppose -o = -4*p - 439, 5*p - 4*o + 2*o = -548. Is -3 - -32*(p/8)/(-1) a prime number?
False
Let o = 4986 - 2491. Is o a composite number?
True
Suppose 0 = -3*u + 2*y + 5573, 0 = -4*u + 8*u + y - 7449. Is u prime?
True
Let t = 319 - 57. Let x = t + 967. Is x prime?
True
Let y be (51/(-34))/((-2)/8). Suppose -v - 3*k = -2, -4*v - y + 14 = 3*k. Suppose v*x - 4*l - 326 = 0, -5*x + l + 806 = -0*x. Is x a prime number?
False
Let o = -21 + 25. Suppose -f - o*f + 85 = 0. Is (34*-2)/(15 - f) a composite number?
True
Let b(w) = 7*w**2 - 5*w + 69. Is b(-29) prime?
True
Let y = 273 + -1198. Let u = y - -2076. Is u prime?
True
Let t(l) = -3*l + 83. Let x(c) = -c**2 - c + 2. Let n be x(-2). Is t(n) a prime number?
True
Let o = -37 + 14354. Suppose 0 = h + 4*v - 2849, 0*h + o = 5*h - 4*v. Is h composite?
False
Let z(a) = -a + 12. Let u be z(10). Let k(b) = -6*b + 0*b + 7*b**u + 2*b + 2*b - 2. Is k(3) a composite number?
True
Suppose 0*l + 5*l - 3*z = 5, -14 = -3*l + 4*z. Let u be (2/l)/(-1) - -5. Is (-2)/u + 480/9 a composite number?
False
Suppose 5*m + 9 = -91. Let b = m + 20. Suppose b = 3*s + 3*c - 939, -2*s + 3*c = -0*c - 646. Is s a prime number?
True
Is 4/(-14) - 3727225/(-679) composite?
True
Suppose 3*i - 2*v = 28, -4*i - 2*v + 7*v + 28 = 0. Let r = 13 - i. Is r/((-1388)/348 + 4) a composite number?
True
Is 7/35*(72593 - -2) a composite number?
False
Let o = -14 - -17. Suppose g - 13 = o*m, -2*g - 31 = -6*g + 5*m. Suppose -s - 16 = -5*h - 98, 381 = 5*s + g*h. Is s prime?
False
Suppose 15*z - 495977 = -26*z. Is z prime?
True
Let x(k) = 6 - 17 + 37*k + 16*k + 2. Is x(6) a composite number?
True
Let p = -8 + 7. Let r = p + 8. Suppose -4*b - 430 = -2*h, -2*b = 2*h - r*h + 1059. Is h composite?
False
Is 1*(5*11939 - (-6)/(-3)) a prime number?
True
Let g = -20891 - -29922. Is g a composite number?
True
Let i(g) = -g**2 + 48*g - 23. Is i(36) a composite number?
False
Let n(a) = 48*a**2 + 27*a + 12. Let q(s) = -12*s**2 - 7*s - 3. Let y(u) = 